{"id":12,"date":"2021-01-23T15:28:02","date_gmt":"2021-01-23T15:28:02","guid":{"rendered":"https:\/\/logopaul.de\/?page_id=12"},"modified":"2021-01-24T08:26:27","modified_gmt":"2021-01-24T08:26:27","slug":"leistungen","status":"publish","type":"page","link":"https:\/\/www.logopaul.de\/index.php\/leistungen\/","title":{"rendered":"Leistungen"},"content":{"rendered":"<p>Unser Team bietet Ihnen Diagnostik, Therapie und Beratung in den Bereichen Sprach-, Sprech-, Stimm- und Schlucktherapie. Sowohl Kinder als auch Erwachsene werden bei uns zuverl\u00e4ssig und kompetent betreut.<\/p>\n<p>Auch der Bereich des Trachealkan\u00fclenmanagement steht bei uns im Fokus und wird in enger Zusammenarbeit mit den Kan\u00fclenversorgern gern intensiv begleitet.<\/p>\n<p>Fort- und Weiterbildungen zu den logop\u00e4dischen Arbeitsgebieten, speziell zu den Bereichen Sprach- und Sprechst\u00f6rungen sowie Schluckst\u00f6rungen und Trachealkan\u00fclenversorgung k\u00f6nnen gern durch unser Team organisiert und durchgef\u00fchrt werden.<\/p>\n","protected":false},"excerpt":{"rendered":"<p>Unser Team bietet Ihnen Diagnostik, Therapie und Beratung in den Bereichen Sprach-, Sprech-, Stimm- und Schlucktherapie. Sowohl Kinder als auch Erwachsene werden [&hellip;]<\/p>\n","protected":false},"author":1,"featured_media":0,"parent":0,"menu_order":0,"comment_status":"closed","ping_status":"closed","template":"","meta":{"footnotes":""},"class_list":["post-12","page","type-page","status-publish","hentry"],"yoast_head":"<!-- This site is optimized with the Yoast SEO plugin v26.8 - https:\/\/yoast.com\/product\/yoast-seo-wordpress\/ -->\n<title>Leistungen - Logop\u00e4dische Praxis S\u00f6ren Paul<\/title>\n<meta name=\"robots\" content=\"index, follow, max-snippet:-1, max-image-preview:large, max-video-preview:-1\" \/>\n<link rel=\"canonical\" href=\"https:\/\/www.logopaul.de\/index.php\/leistungen\/\" \/>\n<meta property=\"og:locale\" content=\"de_DE\" \/>\n<meta property=\"og:type\" content=\"article\" \/>\n<meta property=\"og:title\" content=\"Leistungen - Logop\u00e4dische Praxis S\u00f6ren Paul\" \/>\n<meta property=\"og:description\" content=\"Unser Team bietet Ihnen Diagnostik, Therapie und Beratung in den Bereichen Sprach-, Sprech-, Stimm- und Schlucktherapie. Sowohl Kinder als auch Erwachsene werden [&hellip;]\" \/>\n<meta property=\"og:url\" content=\"https:\/\/www.logopaul.de\/index.php\/leistungen\/\" \/>\n<meta property=\"og:site_name\" content=\"Logop\u00e4dische Praxis S\u00f6ren Paul\" \/>\n<meta property=\"article:modified_time\" content=\"2021-01-24T08:26:27+00:00\" \/>\n<meta name=\"twitter:card\" content=\"summary_large_image\" \/>\n<script type=\"application\/ld+json\" class=\"yoast-schema-graph\">{\"@context\":\"https:\/\/schema.org\",\"@graph\":[{\"@type\":\"WebPage\",\"@id\":\"https:\/\/www.logopaul.de\/index.php\/leistungen\/\",\"url\":\"https:\/\/www.logopaul.de\/index.php\/leistungen\/\",\"name\":\"Leistungen - Logop\u00e4dische Praxis S\u00f6ren Paul\",\"isPartOf\":{\"@id\":\"https:\/\/www.logopaul.de\/#website\"},\"datePublished\":\"2021-01-23T15:28:02+00:00\",\"dateModified\":\"2021-01-24T08:26:27+00:00\",\"breadcrumb\":{\"@id\":\"https:\/\/www.logopaul.de\/index.php\/leistungen\/#breadcrumb\"},\"inLanguage\":\"de\",\"potentialAction\":[{\"@type\":\"ReadAction\",\"target\":[\"https:\/\/www.logopaul.de\/index.php\/leistungen\/\"]}]},{\"@type\":\"BreadcrumbList\",\"@id\":\"https:\/\/www.logopaul.de\/index.php\/leistungen\/#breadcrumb\",\"itemListElement\":[{\"@type\":\"ListItem\",\"position\":1,\"name\":\"Home\",\"item\":\"https:\/\/www.logopaul.de\/\"},{\"@type\":\"ListItem\",\"position\":2,\"name\":\"Leistungen\"}]},{\"@type\":\"WebSite\",\"@id\":\"https:\/\/www.logopaul.de\/#website\",\"url\":\"https:\/\/www.logopaul.de\/\",\"name\":\"Logop\u00e4dische Praxis S\u00f6ren Paul\",\"description\":\"\",\"potentialAction\":[{\"@type\":\"SearchAction\",\"target\":{\"@type\":\"EntryPoint\",\"urlTemplate\":\"https:\/\/www.logopaul.de\/?s={search_term_string}\"},\"query-input\":{\"@type\":\"PropertyValueSpecification\",\"valueRequired\":true,\"valueName\":\"search_term_string\"}}],\"inLanguage\":\"de\"}]}<\/script>\n<!-- \/ Yoast SEO plugin. -->","yoast_head_json":{"title":"Leistungen - Logop\u00e4dische Praxis S\u00f6ren Paul","robots":{"index":"index","follow":"follow","max-snippet":"max-snippet:-1","max-image-preview":"max-image-preview:large","max-video-preview":"max-video-preview:-1"},"canonical":"https:\/\/www.logopaul.de\/index.php\/leistungen\/","og_locale":"de_DE","og_type":"article","og_title":"Leistungen - Logop\u00e4dische Praxis S\u00f6ren Paul","og_description":"Unser Team bietet Ihnen Diagnostik, Therapie und Beratung in den Bereichen Sprach-, Sprech-, Stimm- und Schlucktherapie. Sowohl Kinder als auch Erwachsene werden [&hellip;]","og_url":"https:\/\/www.logopaul.de\/index.php\/leistungen\/","og_site_name":"Logop\u00e4dische Praxis S\u00f6ren Paul","article_modified_time":"2021-01-24T08:26:27+00:00","twitter_card":"summary_large_image","schema":{"@context":"https:\/\/schema.org","@graph":[{"@type":"WebPage","@id":"https:\/\/www.logopaul.de\/index.php\/leistungen\/","url":"https:\/\/www.logopaul.de\/index.php\/leistungen\/","name":"Leistungen - Logop\u00e4dische Praxis S\u00f6ren Paul","isPartOf":{"@id":"https:\/\/www.logopaul.de\/#website"},"datePublished":"2021-01-23T15:28:02+00:00","dateModified":"2021-01-24T08:26:27+00:00","breadcrumb":{"@id":"https:\/\/www.logopaul.de\/index.php\/leistungen\/#breadcrumb"},"inLanguage":"de","potentialAction":[{"@type":"ReadAction","target":["https:\/\/www.logopaul.de\/index.php\/leistungen\/"]}]},{"@type":"BreadcrumbList","@id":"https:\/\/www.logopaul.de\/index.php\/leistungen\/#breadcrumb","itemListElement":[{"@type":"ListItem","position":1,"name":"Home","item":"https:\/\/www.logopaul.de\/"},{"@type":"ListItem","position":2,"name":"Leistungen"}]},{"@type":"WebSite","@id":"https:\/\/www.logopaul.de\/#website","url":"https:\/\/www.logopaul.de\/","name":"Logop\u00e4dische Praxis S\u00f6ren Paul","description":"","potentialAction":[{"@type":"SearchAction","target":{"@type":"EntryPoint","urlTemplate":"https:\/\/www.logopaul.de\/?s={search_term_string}"},"query-input":{"@type":"PropertyValueSpecification","valueRequired":true,"valueName":"search_term_string"}}],"inLanguage":"de"}]}},"_links":{"self":[{"href":"https:\/\/www.logopaul.de\/index.php\/wp-json\/wp\/v2\/pages\/12","targetHints":{"allow":["GET"]}}],"collection":[{"href":"https:\/\/www.logopaul.de\/index.php\/wp-json\/wp\/v2\/pages"}],"about":[{"href":"https:\/\/www.logopaul.de\/index.php\/wp-json\/wp\/v2\/types\/page"}],"author":[{"embeddable":true,"href":"https:\/\/www.logopaul.de\/index.php\/wp-json\/wp\/v2\/users\/1"}],"replies":[{"embeddable":true,"href":"https:\/\/www.logopaul.de\/index.php\/wp-json\/wp\/v2\/comments?post=12"}],"version-history":[{"count":2,"href":"https:\/\/www.logopaul.de\/index.php\/wp-json\/wp\/v2\/pages\/12\/revisions"}],"predecessor-version":[{"id":130,"href":"https:\/\/www.logopaul.de\/index.php\/wp-json\/wp\/v2\/pages\/12\/revisions\/130"}],"wp:attachment":[{"href":"https:\/\/www.logopaul.de\/index.php\/wp-json\/wp\/v2\/media?parent=12"}],"curies":[{"name":"wp","href":"https:\/\/api.w.org\/{rel}","templated":true}]}}