{"id":189,"date":"2021-01-30T16:58:47","date_gmt":"2021-01-30T15:58:47","guid":{"rendered":"https:\/\/www.logopaul.de\/?page_id=189"},"modified":"2021-01-31T13:34:39","modified_gmt":"2021-01-31T12:34:39","slug":"praxis-am-fetscherplatz","status":"publish","type":"page","link":"https:\/\/www.logopaul.de\/index.php\/praxis-am-fetscherplatz\/","title":{"rendered":"Praxis am Fetscherplatz"},"content":{"rendered":"<h5>Fetscherplatz 2A<br \/>\n01307 Dresden<br \/>\n0351 &#8211; 56 37 154<\/h5>\n<p>Aus den logop\u00e4dischen Praxen von Herrn Frank Ostermann gingen zum 01.02.2021 die logop\u00e4dischen Praxen S. Paul hervor. Beide Standorte, an der Uniklinik und am Fetscherplatz blieben samt ihrem Team erhalten. Unser Ziel ist es, die bisher gebotene Behandlungsqualit\u00e4t zu erhalten und uns stetig weiterzuentwickeln, damit wir Ihnen eine optimale individuelle Versorgung nach den aktuellsten Standards der Logop\u00e4die bieten k\u00f6nnen.<\/p>\n<p>Die R\u00e4umlichkeiten der Praxis im 2. Obergeschoss sind durch einen Fahrstuhl barrierefrei sicher zu erreichen.<br \/>\nParkm\u00f6glichkeiten bestehen auf der Nicolaistra\u00dfe und der Rei\u00dfigerstra\u00dfe.<\/p>\n<p>Mit den \u00f6ffentlichen Verkehrsmitteln erreichen Sie uns optimal \u00fcber die Haltestelle Fetscherplatz.<\/p>\n<p><iframe style=\"border: 0;\" tabindex=\"0\" data-src=\"https:\/\/www.google.com\/maps\/embed?pb=!1m18!1m12!1m3!1d829.0406818209714!2d13.769962835890095!3d51.046677056049994!2m3!1f0!2f0!3f0!3m2!1i1024!2i768!4f13.1!3m3!1m2!1s0x4709c8ad0e80c537%3A0xe3c19fb3581c7e7a!2sFetscherpl.%202A%2C%2001307%20Dresden!5e0!3m2!1sde!2sde!4v1612089212436!5m2!1sde!2sde\" width=\"800\" height=\"600\" frameborder=\"0\" allowfullscreen=\"allowfullscreen\" aria-hidden=\"false\" src=\"data:image\/svg+xml;base64,PHN2ZyB3aWR0aD0iMSIgaGVpZ2h0PSIxIiB4bWxucz0iaHR0cDovL3d3dy53My5vcmcvMjAwMC9zdmciPjwvc3ZnPg==\" class=\"lazyload\" data-load-mode=\"1\"><\/iframe><\/p>\n","protected":false},"excerpt":{"rendered":"<p>Fetscherplatz 2A 01307 Dresden 0351 &#8211; 56 37 154 Aus den logop\u00e4dischen Praxen von Herrn Frank Ostermann gingen zum 01.02.2021 die logop\u00e4dischen [&hellip;]<\/p>\n","protected":false},"author":1,"featured_media":0,"parent":0,"menu_order":0,"comment_status":"closed","ping_status":"closed","template":"","meta":{"footnotes":""},"class_list":["post-189","page","type-page","status-publish","hentry"],"yoast_head":"<!-- This site is optimized with the Yoast SEO plugin v26.8 - https:\/\/yoast.com\/product\/yoast-seo-wordpress\/ -->\n<title>Praxis am Fetscherplatz - Logop\u00e4dische Praxis S\u00f6ren Paul<\/title>\n<meta name=\"robots\" content=\"index, follow, max-snippet:-1, max-image-preview:large, max-video-preview:-1\" \/>\n<link rel=\"canonical\" href=\"https:\/\/www.logopaul.de\/index.php\/praxis-am-fetscherplatz\/\" \/>\n<meta property=\"og:locale\" content=\"de_DE\" \/>\n<meta property=\"og:type\" content=\"article\" \/>\n<meta property=\"og:title\" content=\"Praxis am Fetscherplatz - Logop\u00e4dische Praxis S\u00f6ren Paul\" \/>\n<meta property=\"og:description\" content=\"Fetscherplatz 2A 01307 Dresden 0351 &#8211; 56 37 154 Aus den logop\u00e4dischen Praxen von Herrn Frank Ostermann gingen zum 01.02.2021 die logop\u00e4dischen [&hellip;]\" \/>\n<meta property=\"og:url\" content=\"https:\/\/www.logopaul.de\/index.php\/praxis-am-fetscherplatz\/\" \/>\n<meta property=\"og:site_name\" content=\"Logop\u00e4dische Praxis S\u00f6ren Paul\" \/>\n<meta property=\"article:modified_time\" content=\"2021-01-31T12:34:39+00:00\" \/>\n<meta name=\"twitter:card\" content=\"summary_large_image\" \/>\n<meta name=\"twitter:label1\" content=\"Gesch\u00e4tzte Lesezeit\" \/>\n\t<meta name=\"twitter:data1\" content=\"1\u00a0Minute\" \/>\n<script type=\"application\/ld+json\" class=\"yoast-schema-graph\">{\"@context\":\"https:\/\/schema.org\",\"@graph\":[{\"@type\":\"WebPage\",\"@id\":\"https:\/\/www.logopaul.de\/index.php\/praxis-am-fetscherplatz\/\",\"url\":\"https:\/\/www.logopaul.de\/index.php\/praxis-am-fetscherplatz\/\",\"name\":\"Praxis am Fetscherplatz - Logop\u00e4dische Praxis S\u00f6ren Paul\",\"isPartOf\":{\"@id\":\"https:\/\/www.logopaul.de\/#website\"},\"datePublished\":\"2021-01-30T15:58:47+00:00\",\"dateModified\":\"2021-01-31T12:34:39+00:00\",\"breadcrumb\":{\"@id\":\"https:\/\/www.logopaul.de\/index.php\/praxis-am-fetscherplatz\/#breadcrumb\"},\"inLanguage\":\"de\",\"potentialAction\":[{\"@type\":\"ReadAction\",\"target\":[\"https:\/\/www.logopaul.de\/index.php\/praxis-am-fetscherplatz\/\"]}]},{\"@type\":\"BreadcrumbList\",\"@id\":\"https:\/\/www.logopaul.de\/index.php\/praxis-am-fetscherplatz\/#breadcrumb\",\"itemListElement\":[{\"@type\":\"ListItem\",\"position\":1,\"name\":\"Home\",\"item\":\"https:\/\/www.logopaul.de\/\"},{\"@type\":\"ListItem\",\"position\":2,\"name\":\"Praxis am Fetscherplatz\"}]},{\"@type\":\"WebSite\",\"@id\":\"https:\/\/www.logopaul.de\/#website\",\"url\":\"https:\/\/www.logopaul.de\/\",\"name\":\"Logop\u00e4dische Praxis S\u00f6ren Paul\",\"description\":\"\",\"potentialAction\":[{\"@type\":\"SearchAction\",\"target\":{\"@type\":\"EntryPoint\",\"urlTemplate\":\"https:\/\/www.logopaul.de\/?s={search_term_string}\"},\"query-input\":{\"@type\":\"PropertyValueSpecification\",\"valueRequired\":true,\"valueName\":\"search_term_string\"}}],\"inLanguage\":\"de\"}]}<\/script>\n<!-- \/ Yoast SEO plugin. -->","yoast_head_json":{"title":"Praxis am Fetscherplatz - Logop\u00e4dische Praxis S\u00f6ren Paul","robots":{"index":"index","follow":"follow","max-snippet":"max-snippet:-1","max-image-preview":"max-image-preview:large","max-video-preview":"max-video-preview:-1"},"canonical":"https:\/\/www.logopaul.de\/index.php\/praxis-am-fetscherplatz\/","og_locale":"de_DE","og_type":"article","og_title":"Praxis am Fetscherplatz - Logop\u00e4dische Praxis S\u00f6ren Paul","og_description":"Fetscherplatz 2A 01307 Dresden 0351 &#8211; 56 37 154 Aus den logop\u00e4dischen Praxen von Herrn Frank Ostermann gingen zum 01.02.2021 die logop\u00e4dischen [&hellip;]","og_url":"https:\/\/www.logopaul.de\/index.php\/praxis-am-fetscherplatz\/","og_site_name":"Logop\u00e4dische Praxis S\u00f6ren Paul","article_modified_time":"2021-01-31T12:34:39+00:00","twitter_card":"summary_large_image","twitter_misc":{"Gesch\u00e4tzte Lesezeit":"1\u00a0Minute"},"schema":{"@context":"https:\/\/schema.org","@graph":[{"@type":"WebPage","@id":"https:\/\/www.logopaul.de\/index.php\/praxis-am-fetscherplatz\/","url":"https:\/\/www.logopaul.de\/index.php\/praxis-am-fetscherplatz\/","name":"Praxis am Fetscherplatz - Logop\u00e4dische Praxis S\u00f6ren Paul","isPartOf":{"@id":"https:\/\/www.logopaul.de\/#website"},"datePublished":"2021-01-30T15:58:47+00:00","dateModified":"2021-01-31T12:34:39+00:00","breadcrumb":{"@id":"https:\/\/www.logopaul.de\/index.php\/praxis-am-fetscherplatz\/#breadcrumb"},"inLanguage":"de","potentialAction":[{"@type":"ReadAction","target":["https:\/\/www.logopaul.de\/index.php\/praxis-am-fetscherplatz\/"]}]},{"@type":"BreadcrumbList","@id":"https:\/\/www.logopaul.de\/index.php\/praxis-am-fetscherplatz\/#breadcrumb","itemListElement":[{"@type":"ListItem","position":1,"name":"Home","item":"https:\/\/www.logopaul.de\/"},{"@type":"ListItem","position":2,"name":"Praxis am Fetscherplatz"}]},{"@type":"WebSite","@id":"https:\/\/www.logopaul.de\/#website","url":"https:\/\/www.logopaul.de\/","name":"Logop\u00e4dische Praxis S\u00f6ren Paul","description":"","potentialAction":[{"@type":"SearchAction","target":{"@type":"EntryPoint","urlTemplate":"https:\/\/www.logopaul.de\/?s={search_term_string}"},"query-input":{"@type":"PropertyValueSpecification","valueRequired":true,"valueName":"search_term_string"}}],"inLanguage":"de"}]}},"_links":{"self":[{"href":"https:\/\/www.logopaul.de\/index.php\/wp-json\/wp\/v2\/pages\/189","targetHints":{"allow":["GET"]}}],"collection":[{"href":"https:\/\/www.logopaul.de\/index.php\/wp-json\/wp\/v2\/pages"}],"about":[{"href":"https:\/\/www.logopaul.de\/index.php\/wp-json\/wp\/v2\/types\/page"}],"author":[{"embeddable":true,"href":"https:\/\/www.logopaul.de\/index.php\/wp-json\/wp\/v2\/users\/1"}],"replies":[{"embeddable":true,"href":"https:\/\/www.logopaul.de\/index.php\/wp-json\/wp\/v2\/comments?post=189"}],"version-history":[{"count":8,"href":"https:\/\/www.logopaul.de\/index.php\/wp-json\/wp\/v2\/pages\/189\/revisions"}],"predecessor-version":[{"id":218,"href":"https:\/\/www.logopaul.de\/index.php\/wp-json\/wp\/v2\/pages\/189\/revisions\/218"}],"wp:attachment":[{"href":"https:\/\/www.logopaul.de\/index.php\/wp-json\/wp\/v2\/media?parent=189"}],"curies":[{"name":"wp","href":"https:\/\/api.w.org\/{rel}","templated":true}]}}

<h5>Fetscherplatz 2A<br />
01307 Dresden<br />
0351 &#8211; 56 37 154</h5>
<p>Aus den logopädischen Praxen von Herrn Frank Ostermann gingen zum 01.02.2021 die logopädischen Praxen S. Paul hervor. Beide Standorte, an der Uniklinik und am Fetscherplatz blieben samt ihrem Team erhalten. Unser Ziel ist es, die bisher gebotene Behandlungsqualität zu erhalten und uns stetig weiterzuentwickeln, damit wir Ihnen eine optimale individuelle Versorgung nach den aktuellsten Standards der Logopädie bieten können.</p>
<p>Die Räumlichkeiten der Praxis im 2. Obergeschoss sind durch einen Fahrstuhl barrierefrei sicher zu erreichen.<br />
Parkmöglichkeiten bestehen auf der Nicolaistraße und der Reißigerstraße.</p>
<p>Mit den öffentlichen Verkehrsmitteln erreichen Sie uns optimal über die Haltestelle Fetscherplatz.</p>
<p><iframe style="border: 0;" tabindex="0" data-src="https://www.google.com/maps/embed?pb=!1m18!1m12!1m3!1d829.0406818209714!2d13.769962835890095!3d51.046677056049994!2m3!1f0!2f0!3f0!3m2!1i1024!2i768!4f13.1!3m3!1m2!1s0x4709c8ad0e80c537%3A0xe3c19fb3581c7e7a!2sFetscherpl.%202A%2C%2001307%20Dresden!5e0!3m2!1sde!2sde!4v1612089212436!5m2!1sde!2sde" width="800" height="600" frameborder="0" allowfullscreen="allowfullscreen" aria-hidden="false" src="data:image/svg+xml;base64,PHN2ZyB3aWR0aD0iMSIgaGVpZ2h0PSIxIiB4bWxucz0iaHR0cDovL3d3dy53My5vcmcvMjAwMC9zdmciPjwvc3ZnPg==" class="lazyload" data-load-mode="1"></iframe></p>

<p>Fetscherplatz 2A 01307 Dresden 0351 &#8211; 56 37 154 Aus den logopädischen Praxen von Herrn Frank Ostermann gingen zum 01.02.2021 die logopädischen [&hellip;]</p>

<!-- This site is optimized with the Yoast SEO plugin v26.8 - https://yoast.com/product/yoast-seo-wordpress/ -->
<title>Praxis am Fetscherplatz - Logopädische Praxis Sören Paul</title>
<meta name="robots" content="index, follow, max-snippet:-1, max-image-preview:large, max-video-preview:-1" />
<link rel="canonical" href="https://www.logopaul.de/index.php/praxis-am-fetscherplatz/" />
<meta property="og:locale" content="de_DE" />
<meta property="og:type" content="article" />
<meta property="og:title" content="Praxis am Fetscherplatz - Logopädische Praxis Sören Paul" />
<meta property="og:description" content="Fetscherplatz 2A 01307 Dresden 0351 &#8211; 56 37 154 Aus den logopädischen Praxen von Herrn Frank Ostermann gingen zum 01.02.2021 die logopädischen [&hellip;]" />
<meta property="og:url" content="https://www.logopaul.de/index.php/praxis-am-fetscherplatz/" />
<meta property="og:site_name" content="Logopädische Praxis Sören Paul" />
<meta property="article:modified_time" content="2021-01-31T12:34:39+00:00" />
<meta name="twitter:card" content="summary_large_image" />
<meta name="twitter:label1" content="Geschätzte Lesezeit" />
	<meta name="twitter:data1" content="1 Minute" />
<script type="application/ld+json" class="yoast-schema-graph">{"@context":"https://schema.org","@graph":[{"@type":"WebPage","@id":"https://www.logopaul.de/index.php/praxis-am-fetscherplatz/","url":"https://www.logopaul.de/index.php/praxis-am-fetscherplatz/","name":"Praxis am Fetscherplatz - Logopädische Praxis Sören Paul","isPartOf":{"@id":"https://www.logopaul.de/#website"},"datePublished":"2021-01-30T15:58:47+00:00","dateModified":"2021-01-31T12:34:39+00:00","breadcrumb":{"@id":"https://www.logopaul.de/index.php/praxis-am-fetscherplatz/#breadcrumb"},"inLanguage":"de","potentialAction":[{"@type":"ReadAction","target":["https://www.logopaul.de/index.php/praxis-am-fetscherplatz/"]}]},{"@type":"BreadcrumbList","@id":"https://www.logopaul.de/index.php/praxis-am-fetscherplatz/#breadcrumb","itemListElement":[{"@type":"ListItem","position":1,"name":"Home","item":"https://www.logopaul.de/"},{"@type":"ListItem","position":2,"name":"Praxis am Fetscherplatz"}]},{"@type":"WebSite","@id":"https://www.logopaul.de/#website","url":"https://www.logopaul.de/","name":"Logopädische Praxis Sören Paul","description":"","potentialAction":[{"@type":"SearchAction","target":{"@type":"EntryPoint","urlTemplate":"https://www.logopaul.de/?s={search_term_string}"},"query-input":{"@type":"PropertyValueSpecification","valueRequired":true,"valueName":"search_term_string"}}],"inLanguage":"de"}]}</script>
<!-- / Yoast SEO plugin. -->

Praxis am Fetscherplatz - Logopädische Praxis Sören Paul

Fetscherplatz 2A 01307 Dresden 0351 &#8211; 56 37 154 Aus den logopädischen Praxen von Herrn Frank Ostermann gingen zum 01.02.2021 die logopädischen [&hellip;]

Logopädische Praxis Sören Paul
