{"id":20,"date":"2021-01-23T15:28:57","date_gmt":"2021-01-23T15:28:57","guid":{"rendered":"https:\/\/logopaul.de\/?page_id=20"},"modified":"2021-01-31T14:09:44","modified_gmt":"2021-01-31T13:09:44","slug":"partner","status":"publish","type":"page","link":"https:\/\/www.logopaul.de\/index.php\/partner\/","title":{"rendered":"Partner"},"content":{"rendered":"<p>Eine enge Zusammenarbeit mit den unterschiedlichsten Akteuren in der Gesundheitsversorgung spielt f\u00fcr uns eine wichtige Rolle. Deshalb suchen wir den regelm\u00e4\u00dfigen Austausch mit verschiedensten Organisationen und Vereinen, um uns fachlich weiterzuentwickeln und die Versorgung unserer Patienten optimal gestalten zu k\u00f6nnen.<\/p>\n<p>Netzwerk Kopfsache Dresden\u00a0\u00a0\u00a0\u00a0\u00a0\u00a0\u00a0\u00a0\u00a0\u00a0\u00a0\u00a0\u00a0\u00a0\u00a0\u00a0\u00a0\u00a0 <a href=\"https:\/\/www.netzwerk-kopfsache.de\">https:\/\/www.netzwerk-kopfsache.de<\/a><\/p>\n<p>Dysphagienetzwerk Deutschland e.V.\u00a0\u00a0\u00a0 <a href=\"https:\/\/dnwd-ev.de\/\">https:\/\/dnwd-ev.de\/<\/a><\/p>\n<p>&nbsp;<\/p>\n","protected":false},"excerpt":{"rendered":"<p>Eine enge Zusammenarbeit mit den unterschiedlichsten Akteuren in der Gesundheitsversorgung spielt f\u00fcr uns eine wichtige Rolle. Deshalb suchen wir den regelm\u00e4\u00dfigen Austausch [&hellip;]<\/p>\n","protected":false},"author":1,"featured_media":0,"parent":0,"menu_order":0,"comment_status":"closed","ping_status":"closed","template":"","meta":{"footnotes":""},"class_list":["post-20","page","type-page","status-publish","hentry"],"yoast_head":"<!-- This site is optimized with the Yoast SEO plugin v26.8 - https:\/\/yoast.com\/product\/yoast-seo-wordpress\/ -->\n<title>Partner - Logop\u00e4dische Praxis S\u00f6ren Paul<\/title>\n<meta name=\"robots\" content=\"index, follow, max-snippet:-1, max-image-preview:large, max-video-preview:-1\" \/>\n<link rel=\"canonical\" href=\"https:\/\/www.logopaul.de\/index.php\/partner\/\" \/>\n<meta property=\"og:locale\" content=\"de_DE\" \/>\n<meta property=\"og:type\" content=\"article\" \/>\n<meta property=\"og:title\" content=\"Partner - Logop\u00e4dische Praxis S\u00f6ren Paul\" \/>\n<meta property=\"og:description\" content=\"Eine enge Zusammenarbeit mit den unterschiedlichsten Akteuren in der Gesundheitsversorgung spielt f\u00fcr uns eine wichtige Rolle. Deshalb suchen wir den regelm\u00e4\u00dfigen Austausch [&hellip;]\" \/>\n<meta property=\"og:url\" content=\"https:\/\/www.logopaul.de\/index.php\/partner\/\" \/>\n<meta property=\"og:site_name\" content=\"Logop\u00e4dische Praxis S\u00f6ren Paul\" \/>\n<meta property=\"article:modified_time\" content=\"2021-01-31T13:09:44+00:00\" \/>\n<meta name=\"twitter:card\" content=\"summary_large_image\" \/>\n<meta name=\"twitter:label1\" content=\"Gesch\u00e4tzte Lesezeit\" \/>\n\t<meta name=\"twitter:data1\" content=\"1\u00a0Minute\" \/>\n<script type=\"application\/ld+json\" class=\"yoast-schema-graph\">{\"@context\":\"https:\/\/schema.org\",\"@graph\":[{\"@type\":\"WebPage\",\"@id\":\"https:\/\/www.logopaul.de\/index.php\/partner\/\",\"url\":\"https:\/\/www.logopaul.de\/index.php\/partner\/\",\"name\":\"Partner - Logop\u00e4dische Praxis S\u00f6ren Paul\",\"isPartOf\":{\"@id\":\"https:\/\/www.logopaul.de\/#website\"},\"datePublished\":\"2021-01-23T15:28:57+00:00\",\"dateModified\":\"2021-01-31T13:09:44+00:00\",\"breadcrumb\":{\"@id\":\"https:\/\/www.logopaul.de\/index.php\/partner\/#breadcrumb\"},\"inLanguage\":\"de\",\"potentialAction\":[{\"@type\":\"ReadAction\",\"target\":[\"https:\/\/www.logopaul.de\/index.php\/partner\/\"]}]},{\"@type\":\"BreadcrumbList\",\"@id\":\"https:\/\/www.logopaul.de\/index.php\/partner\/#breadcrumb\",\"itemListElement\":[{\"@type\":\"ListItem\",\"position\":1,\"name\":\"Home\",\"item\":\"https:\/\/www.logopaul.de\/\"},{\"@type\":\"ListItem\",\"position\":2,\"name\":\"Partner\"}]},{\"@type\":\"WebSite\",\"@id\":\"https:\/\/www.logopaul.de\/#website\",\"url\":\"https:\/\/www.logopaul.de\/\",\"name\":\"Logop\u00e4dische Praxis S\u00f6ren Paul\",\"description\":\"\",\"potentialAction\":[{\"@type\":\"SearchAction\",\"target\":{\"@type\":\"EntryPoint\",\"urlTemplate\":\"https:\/\/www.logopaul.de\/?s={search_term_string}\"},\"query-input\":{\"@type\":\"PropertyValueSpecification\",\"valueRequired\":true,\"valueName\":\"search_term_string\"}}],\"inLanguage\":\"de\"}]}<\/script>\n<!-- \/ Yoast SEO plugin. -->","yoast_head_json":{"title":"Partner - Logop\u00e4dische Praxis S\u00f6ren Paul","robots":{"index":"index","follow":"follow","max-snippet":"max-snippet:-1","max-image-preview":"max-image-preview:large","max-video-preview":"max-video-preview:-1"},"canonical":"https:\/\/www.logopaul.de\/index.php\/partner\/","og_locale":"de_DE","og_type":"article","og_title":"Partner - Logop\u00e4dische Praxis S\u00f6ren Paul","og_description":"Eine enge Zusammenarbeit mit den unterschiedlichsten Akteuren in der Gesundheitsversorgung spielt f\u00fcr uns eine wichtige Rolle. Deshalb suchen wir den regelm\u00e4\u00dfigen Austausch [&hellip;]","og_url":"https:\/\/www.logopaul.de\/index.php\/partner\/","og_site_name":"Logop\u00e4dische Praxis S\u00f6ren Paul","article_modified_time":"2021-01-31T13:09:44+00:00","twitter_card":"summary_large_image","twitter_misc":{"Gesch\u00e4tzte Lesezeit":"1\u00a0Minute"},"schema":{"@context":"https:\/\/schema.org","@graph":[{"@type":"WebPage","@id":"https:\/\/www.logopaul.de\/index.php\/partner\/","url":"https:\/\/www.logopaul.de\/index.php\/partner\/","name":"Partner - Logop\u00e4dische Praxis S\u00f6ren Paul","isPartOf":{"@id":"https:\/\/www.logopaul.de\/#website"},"datePublished":"2021-01-23T15:28:57+00:00","dateModified":"2021-01-31T13:09:44+00:00","breadcrumb":{"@id":"https:\/\/www.logopaul.de\/index.php\/partner\/#breadcrumb"},"inLanguage":"de","potentialAction":[{"@type":"ReadAction","target":["https:\/\/www.logopaul.de\/index.php\/partner\/"]}]},{"@type":"BreadcrumbList","@id":"https:\/\/www.logopaul.de\/index.php\/partner\/#breadcrumb","itemListElement":[{"@type":"ListItem","position":1,"name":"Home","item":"https:\/\/www.logopaul.de\/"},{"@type":"ListItem","position":2,"name":"Partner"}]},{"@type":"WebSite","@id":"https:\/\/www.logopaul.de\/#website","url":"https:\/\/www.logopaul.de\/","name":"Logop\u00e4dische Praxis S\u00f6ren Paul","description":"","potentialAction":[{"@type":"SearchAction","target":{"@type":"EntryPoint","urlTemplate":"https:\/\/www.logopaul.de\/?s={search_term_string}"},"query-input":{"@type":"PropertyValueSpecification","valueRequired":true,"valueName":"search_term_string"}}],"inLanguage":"de"}]}},"_links":{"self":[{"href":"https:\/\/www.logopaul.de\/index.php\/wp-json\/wp\/v2\/pages\/20","targetHints":{"allow":["GET"]}}],"collection":[{"href":"https:\/\/www.logopaul.de\/index.php\/wp-json\/wp\/v2\/pages"}],"about":[{"href":"https:\/\/www.logopaul.de\/index.php\/wp-json\/wp\/v2\/types\/page"}],"author":[{"embeddable":true,"href":"https:\/\/www.logopaul.de\/index.php\/wp-json\/wp\/v2\/users\/1"}],"replies":[{"embeddable":true,"href":"https:\/\/www.logopaul.de\/index.php\/wp-json\/wp\/v2\/comments?post=20"}],"version-history":[{"count":3,"href":"https:\/\/www.logopaul.de\/index.php\/wp-json\/wp\/v2\/pages\/20\/revisions"}],"predecessor-version":[{"id":243,"href":"https:\/\/www.logopaul.de\/index.php\/wp-json\/wp\/v2\/pages\/20\/revisions\/243"}],"wp:attachment":[{"href":"https:\/\/www.logopaul.de\/index.php\/wp-json\/wp\/v2\/media?parent=20"}],"curies":[{"name":"wp","href":"https:\/\/api.w.org\/{rel}","templated":true}]}}