{"id":30,"date":"2021-01-23T15:30:25","date_gmt":"2021-01-23T15:30:25","guid":{"rendered":"https:\/\/logopaul.de\/?page_id=30"},"modified":"2024-02-12T11:52:16","modified_gmt":"2024-02-12T10:52:16","slug":"soeren-paul","status":"publish","type":"page","link":"https:\/\/www.logopaul.de\/index.php\/soeren-paul\/","title":{"rendered":""},"content":{"rendered":"<h2>S\u00f6ren Paul M.Sc.<\/h2>\n<p>staatlich anerkannter Logop\u00e4de<br \/>\nMaster of Science Therapiewissenschaften<\/p>\n<p>Nach langj\u00e4hriger T\u00e4tigkeit an der Klinik Bavaria in Kreischa und den dort gewonnen Erfahrungen in der Versorgung neurologischer, onkologischer, internistischer, orthop\u00e4discher und psychosomatischer Patienten \u00fcbernahm ich zum 01.02.2021 die Praxen von Herrn Ostermann. Die vielf\u00e4ltigen fachlichen und pers\u00f6nlichen Kompetenzen der \u00fcbernommenen Mitarbeiterinnen m\u00f6chte ich als neuer Inhaber nun weiter f\u00f6rdern und fordern, damit die zahlreichen Patienten individuell und zielorientiert betreut werden k\u00f6nnen.<\/p>\n<p>Zwar bin ich in Forschung und Lehre in unterschiedlichsten Bereichen t\u00e4tig, jedoch geh\u00f6rt mein Hauptengagement nach wie vor der Therapie. Mit gro\u00dfer Leidenschaft begleite ich somit weiterhin leicht bis hin zu sehr schwer betroffenen Patienten, stets mit dem Ziel, eine optimale Versorgung zu gew\u00e4hrleisten.<\/p>\n<p>&nbsp;<\/p>\n<ul>\n<li>Ausbildung zum staatlich anerkannten Logop\u00e4den an der \u201eErsten europ\u00e4ischen Schule f\u00fcr Physiotherapie, Ergotherapie und Logop\u00e4die\u201c in Kreischa<\/li>\n<li>Studium der Therapiewissenschaften an der Hochschule Fresenius in Idstein<\/li>\n<li>Bis 2019 Logop\u00e4de an der Klinik Bavaria in Kreischa, 2017-2019 fachlicher Leiter der Logop\u00e4die<\/li>\n<li>Dozent an der Hochschule Fresenius in Idstein f\u00fcr \u201eNeurogene Sprach- und Sprechst\u00f6rungen\u201c, \u201eNeueste Entwicklungen im Bereich neurogener Sprach- und Sprechst\u00f6rungen\u201c<\/li>\n<li>Dozent an der dpfa-Berufsfachschule f\u00fcr Logop\u00e4die in Dresden f\u00fcr \u201eDysarthrie\u201c, \u201eSprechapraxie\u201c und \u201eDysphagie\u201c<\/li>\n<li>Mitglied des \u201eNeuronetzwerkes Dresden\u201c<\/li>\n<li>Wissenschaftlicher Berater des \u201eDysphagienetzwerkes Deutschland\u201c<\/li>\n<li>Therapieschwerpunkte:\n<ul>\n<li>Sprach-, Sprech- und Stimmst\u00f6rungen bei neurologischen und onkologischen Erkrankungen<\/li>\n<li>Schluckst\u00f6rungen bei neurologischen und onkologischen Erkrankungen<\/li>\n<li>Trachealkan\u00fclenmanagement<\/li>\n<li>Kommunikationsst\u00f6rungen nach Sch\u00e4del-Hirn-Trauma<\/li>\n<li>\u00a0Forschungsschwerpunkte:\n<ul>\n<li>Sprache und Denken<\/li>\n<li>Neurogene Sprach- und Sprechst\u00f6rungen<\/li>\n<li>Dysphagie<\/li>\n<\/ul>\n<\/li>\n<\/ul>\n<\/li>\n<\/ul>\n<p><img decoding=\"async\" class=\"alignnone size-full wp-image-182 lazyload\" data-src=\"https:\/\/www.logopaul.de\/wp-content\/uploads\/2021\/01\/IMG_20210126_104426.jpg\" alt=\"\" width=\"800\" height=\"1067\" data-srcset=\"https:\/\/www.logopaul.de\/wp-content\/uploads\/2021\/01\/IMG_20210126_104426.jpg 800w, https:\/\/www.logopaul.de\/wp-content\/uploads\/2021\/01\/IMG_20210126_104426-225x300.jpg 225w, https:\/\/www.logopaul.de\/wp-content\/uploads\/2021\/01\/IMG_20210126_104426-768x1024.jpg 768w, https:\/\/www.logopaul.de\/wp-content\/uploads\/2021\/01\/IMG_20210126_104426-230x307.jpg 230w, https:\/\/www.logopaul.de\/wp-content\/uploads\/2021\/01\/IMG_20210126_104426-350x467.jpg 350w, https:\/\/www.logopaul.de\/wp-content\/uploads\/2021\/01\/IMG_20210126_104426-480x640.jpg 480w\" data-sizes=\"(max-width: 800px) 100vw, 800px\" src=\"data:image\/svg+xml;base64,PHN2ZyB3aWR0aD0iMSIgaGVpZ2h0PSIxIiB4bWxucz0iaHR0cDovL3d3dy53My5vcmcvMjAwMC9zdmciPjwvc3ZnPg==\" style=\"--smush-placeholder-width: 800px; --smush-placeholder-aspect-ratio: 800\/1067;\" \/><\/p>\n<ul>\n<li>Publikationen:\n<ul>\n<li>Die materiellen Grundlagen der Sinneswahrnehmung und ihre Anwendung in der Sprachtherapie. Und Der Weg der Logop\u00e4die zur Wissenschaft. In Teichmann, H. (2014). <em>Sprache und Denken \u2013 Das visuelle Bild, das Abbild und das Sinnbild in der Aphasiologie. <\/em>Dresden: Helmut Teichmann (Eigenverlag)<\/li>\n<li>Rest-Aphasie \u2013 doch was hei\u00dft \u201eRest\u201c? \u2013 Eine therapiewissenschaftliche Gedankenentwicklung. In Teichmann, H. (2017). <em>Sprache und Denken &#8211; Sysemtheorie &#8211; Sprachsystem &#8211; Systemdenken<\/em>. Dresden: Helmut Teichmann (Eigenverlag)<\/li>\n<li>Gerlach, S., Paul, S., Rohde-Schweizer, R., Schwarzmann, A.-L., Stra\u00dfer, B., &amp; Hammer, S. (2018). Ich bin dann mal weg! <em>Forum Logop\u00e4die, 3<\/em>(32), 22-27.<\/li>\n<li>Teichmann, H.; Ostermann, F., Paul, S. (2019). <em>Sprache und Denken \u2013 Die Vielfalt der Erkenntnisse aus Theorie und Empirie f\u00fcr die Strategie der Sprachtherapie bei Aphasie.<\/em> Dresden: Helmut Teichmann (Eigenverlag)<\/li>\n<li>Bonow, P., Paul, S., Eike, R., Hiller, M., B\u00f6ttcher, S., &amp; L\u00fctzenkirchen, N. (2020). Einfluss der Covid-19-Pandemie auf die Versorgung von Dysphagiepatienten in Pflegeheimen. <em>neuroreha, 12<\/em>, 179-185.<\/li>\n<li>Teichmann H., Paul S. (2022) \u201eWelt\u201c und \u201eAphasie Teil 1\u201c <em>Aphasie und Schlaganfall \u2013 Zeitschrift f\u00fcr Rehabilitation und Selbsthilfe<\/em>, 165, M\u00e4rz 2022<\/li>\n<li>Teichmann H., Paul S. (2022) \u201eWelt\u201c und \u201eAphasie Teil 2\u201c <em>Aphasie und Schlaganfall \u2013 Zeitschrift f\u00fcr Rehabilitation und Selbsthilfe<\/em>, 166, Juni 2022<\/li>\n<li>Teichmann H., Paul S. (2022) \u201eWer hat die Aphasie, das Gehirn oder ich?\u201c <em>Aphasie und Schlaganfall \u2013 Zeitschrift f\u00fcr Rehabilitation und Selbsthilfe<\/em>, 169, M\u00e4rz 2022<\/li>\n<li>Teichmann H., Paul S. (2023) \u201eWie kann man mit KI (K\u00fcnstlich Intelligenz) die Aphasietherapie verbessern?\u201c <em>Aphasie und Schlaganfall \u2013 Zeitschrift f\u00fcr Rehabilitation und Selbsthilfe<\/em>, 171, September 2023<\/li>\n<li>Hiller M.,\u00a0 Paul S., B\u00f6ttcher S., Baranek T. (2024) Dysphagie und Trachealkan\u00fclenpflicht \u2013 \u00dcberleben oder Sterben \u2013 Eine Frage des Know-hows!? Pl\u00e4doyer f\u00fcr eine fundierte Ausbildung, <em>Forum Logop\u00e4die<\/em>, 01-2024<\/li>\n<\/ul>\n<\/li>\n<\/ul>\n<p>&nbsp;<\/p>\n","protected":false},"excerpt":{"rendered":"<p>S\u00f6ren Paul M.Sc. staatlich anerkannter Logop\u00e4de Master of Science Therapiewissenschaften Nach langj\u00e4hriger T\u00e4tigkeit an der Klinik Bavaria in Kreischa und den dort [&hellip;]<\/p>\n","protected":false},"author":1,"featured_media":0,"parent":0,"menu_order":0,"comment_status":"closed","ping_status":"closed","template":"","meta":{"footnotes":""},"class_list":["post-30","page","type-page","status-publish","hentry"],"yoast_head":"<!-- This site is optimized with the Yoast SEO plugin v26.8 - https:\/\/yoast.com\/product\/yoast-seo-wordpress\/ -->\n<title>- Logop\u00e4dische Praxis S\u00f6ren Paul<\/title>\n<meta name=\"description\" content=\"Logop\u00e4de, TherapiewissenschaftlerAusbildung zum staatlich anerkannten Logop\u00e4den an der \u201eErsten europ\u00e4ischen Schule f\u00fcr Physiotherapie, Ergotherapie und Logop\u00e4die\u201c in KreischaStudium der Therapiewissenschaften an der Hochschule Fresenius in IdsteinBis 2019 Logop\u00e4de an der Klinik Bavaria in Kreischa, 2017-2019 fachlicher Leiter der Logop\u00e4dieDozent an der Hochschule Fresenius in Idstein f\u00fcr \u201eNeurogene Sprach- und Sprechst\u00f6rungen\u201c, \u201eNeueste Entwicklungen im Bereich neurogener Sprach- und Sprechst\u00f6rungen\u201cDozent an der dpfa-Berufsfachschule f\u00fcr Logop\u00e4die in Dresden f\u00fcr \u201eDysarthrie\u201c, \u201eSprechapraxie\u201c und \u201eDysphagie\u201cMitglied des \u201eNeuronetzwerkes Dresden\u201cWissenschaftlicher Berater des \u201eDysphagienetzwerkes Deutschland\u201cTherapieschwerpunkte:Sprach-, Sprech- und Stimmst\u00f6rungen bei neurologischen und onkologischen ErkrankungenSchluckst\u00f6rungen bei neurologischen und onkologischen ErkrankungenTrachealkan\u00fclenmanagementKommunikationsst\u00f6rungen nach Sch\u00e4del-Hirn-Trauma\u00a0Forschungsschwerpunkte:Sprache und DenkenNeurogene Sprach- und Sprechst\u00f6rungenDysphagie Logop\u00e4dische Praxis S\u00f6ren Paul\" \/>\n<meta name=\"robots\" content=\"index, follow, max-snippet:-1, max-image-preview:large, max-video-preview:-1\" \/>\n<link rel=\"canonical\" href=\"https:\/\/www.logopaul.de\/index.php\/soeren-paul\/\" \/>\n<meta property=\"og:locale\" content=\"de_DE\" \/>\n<meta property=\"og:type\" content=\"article\" \/>\n<meta property=\"og:title\" content=\"- Logop\u00e4dische Praxis S\u00f6ren Paul\" \/>\n<meta property=\"og:description\" content=\"Logop\u00e4de, TherapiewissenschaftlerAusbildung zum staatlich anerkannten Logop\u00e4den an der \u201eErsten europ\u00e4ischen Schule f\u00fcr Physiotherapie, Ergotherapie und Logop\u00e4die\u201c in KreischaStudium der Therapiewissenschaften an der Hochschule Fresenius in IdsteinBis 2019 Logop\u00e4de an der Klinik Bavaria in Kreischa, 2017-2019 fachlicher Leiter der Logop\u00e4dieDozent an der Hochschule Fresenius in Idstein f\u00fcr \u201eNeurogene Sprach- und Sprechst\u00f6rungen\u201c, \u201eNeueste Entwicklungen im Bereich neurogener Sprach- und Sprechst\u00f6rungen\u201cDozent an der dpfa-Berufsfachschule f\u00fcr Logop\u00e4die in Dresden f\u00fcr \u201eDysarthrie\u201c, \u201eSprechapraxie\u201c und \u201eDysphagie\u201cMitglied des \u201eNeuronetzwerkes Dresden\u201cWissenschaftlicher Berater des \u201eDysphagienetzwerkes Deutschland\u201cTherapieschwerpunkte:Sprach-, Sprech- und Stimmst\u00f6rungen bei neurologischen und onkologischen ErkrankungenSchluckst\u00f6rungen bei neurologischen und onkologischen ErkrankungenTrachealkan\u00fclenmanagementKommunikationsst\u00f6rungen nach Sch\u00e4del-Hirn-Trauma\u00a0Forschungsschwerpunkte:Sprache und DenkenNeurogene Sprach- und Sprechst\u00f6rungenDysphagie Logop\u00e4dische Praxis S\u00f6ren Paul\" \/>\n<meta property=\"og:url\" content=\"https:\/\/www.logopaul.de\/index.php\/soeren-paul\/\" \/>\n<meta property=\"og:site_name\" content=\"Logop\u00e4dische Praxis S\u00f6ren Paul\" \/>\n<meta property=\"article:modified_time\" content=\"2024-02-12T10:52:16+00:00\" \/>\n<meta property=\"og:image\" content=\"https:\/\/www.logopaul.de\/wp-content\/uploads\/2021\/01\/IMG_20210126_104426.jpg\" \/>\n<meta name=\"twitter:card\" content=\"summary_large_image\" \/>\n<meta name=\"twitter:label1\" content=\"Gesch\u00e4tzte Lesezeit\" \/>\n\t<meta name=\"twitter:data1\" content=\"3\u00a0Minuten\" \/>\n<script type=\"application\/ld+json\" class=\"yoast-schema-graph\">{\"@context\":\"https:\/\/schema.org\",\"@graph\":[{\"@type\":\"WebPage\",\"@id\":\"https:\/\/www.logopaul.de\/index.php\/soeren-paul\/\",\"url\":\"https:\/\/www.logopaul.de\/index.php\/soeren-paul\/\",\"name\":\"- Logop\u00e4dische Praxis S\u00f6ren Paul\",\"isPartOf\":{\"@id\":\"https:\/\/www.logopaul.de\/#website\"},\"primaryImageOfPage\":{\"@id\":\"https:\/\/www.logopaul.de\/index.php\/soeren-paul\/#primaryimage\"},\"image\":{\"@id\":\"https:\/\/www.logopaul.de\/index.php\/soeren-paul\/#primaryimage\"},\"thumbnailUrl\":\"https:\/\/www.logopaul.de\/wp-content\/uploads\/2021\/01\/IMG_20210126_104426.jpg\",\"datePublished\":\"2021-01-23T15:30:25+00:00\",\"dateModified\":\"2024-02-12T10:52:16+00:00\",\"description\":\"Logop\u00e4de, TherapiewissenschaftlerAusbildung zum staatlich anerkannten Logop\u00e4den an der \u201eErsten europ\u00e4ischen Schule f\u00fcr Physiotherapie, Ergotherapie und Logop\u00e4die\u201c in KreischaStudium der Therapiewissenschaften an der Hochschule Fresenius in IdsteinBis 2019 Logop\u00e4de an der Klinik Bavaria in Kreischa, 2017-2019 fachlicher Leiter der Logop\u00e4dieDozent an der Hochschule Fresenius in Idstein f\u00fcr \u201eNeurogene Sprach- und Sprechst\u00f6rungen\u201c, \u201eNeueste Entwicklungen im Bereich neurogener Sprach- und Sprechst\u00f6rungen\u201cDozent an der dpfa-Berufsfachschule f\u00fcr Logop\u00e4die in Dresden f\u00fcr \u201eDysarthrie\u201c, \u201eSprechapraxie\u201c und \u201eDysphagie\u201cMitglied des \u201eNeuronetzwerkes Dresden\u201cWissenschaftlicher Berater des \u201eDysphagienetzwerkes Deutschland\u201cTherapieschwerpunkte:Sprach-, Sprech- und Stimmst\u00f6rungen bei neurologischen und onkologischen ErkrankungenSchluckst\u00f6rungen bei neurologischen und onkologischen ErkrankungenTrachealkan\u00fclenmanagementKommunikationsst\u00f6rungen nach Sch\u00e4del-Hirn-Trauma\u00a0Forschungsschwerpunkte:Sprache und DenkenNeurogene Sprach- und Sprechst\u00f6rungenDysphagie Logop\u00e4dische Praxis S\u00f6ren Paul\",\"inLanguage\":\"de\",\"potentialAction\":[{\"@type\":\"ReadAction\",\"target\":[\"https:\/\/www.logopaul.de\/index.php\/soeren-paul\/\"]}]},{\"@type\":\"ImageObject\",\"inLanguage\":\"de\",\"@id\":\"https:\/\/www.logopaul.de\/index.php\/soeren-paul\/#primaryimage\",\"url\":\"https:\/\/www.logopaul.de\/wp-content\/uploads\/2021\/01\/IMG_20210126_104426.jpg\",\"contentUrl\":\"https:\/\/www.logopaul.de\/wp-content\/uploads\/2021\/01\/IMG_20210126_104426.jpg\",\"width\":800,\"height\":1067},{\"@type\":\"WebSite\",\"@id\":\"https:\/\/www.logopaul.de\/#website\",\"url\":\"https:\/\/www.logopaul.de\/\",\"name\":\"Logop\u00e4dische Praxis S\u00f6ren Paul\",\"description\":\"\",\"potentialAction\":[{\"@type\":\"SearchAction\",\"target\":{\"@type\":\"EntryPoint\",\"urlTemplate\":\"https:\/\/www.logopaul.de\/?s={search_term_string}\"},\"query-input\":{\"@type\":\"PropertyValueSpecification\",\"valueRequired\":true,\"valueName\":\"search_term_string\"}}],\"inLanguage\":\"de\"}]}<\/script>\n<!-- \/ Yoast SEO plugin. -->","yoast_head_json":{"title":"- Logop\u00e4dische Praxis S\u00f6ren Paul","description":"Logop\u00e4de, TherapiewissenschaftlerAusbildung zum staatlich anerkannten Logop\u00e4den an der \u201eErsten europ\u00e4ischen Schule f\u00fcr Physiotherapie, Ergotherapie und Logop\u00e4die\u201c in KreischaStudium der Therapiewissenschaften an der Hochschule Fresenius in IdsteinBis 2019 Logop\u00e4de an der Klinik Bavaria in Kreischa, 2017-2019 fachlicher Leiter der Logop\u00e4dieDozent an der Hochschule Fresenius in Idstein f\u00fcr \u201eNeurogene Sprach- und Sprechst\u00f6rungen\u201c, \u201eNeueste Entwicklungen im Bereich neurogener Sprach- und Sprechst\u00f6rungen\u201cDozent an der dpfa-Berufsfachschule f\u00fcr Logop\u00e4die in Dresden f\u00fcr \u201eDysarthrie\u201c, \u201eSprechapraxie\u201c und \u201eDysphagie\u201cMitglied des \u201eNeuronetzwerkes Dresden\u201cWissenschaftlicher Berater des \u201eDysphagienetzwerkes Deutschland\u201cTherapieschwerpunkte:Sprach-, Sprech- und Stimmst\u00f6rungen bei neurologischen und onkologischen ErkrankungenSchluckst\u00f6rungen bei neurologischen und onkologischen ErkrankungenTrachealkan\u00fclenmanagementKommunikationsst\u00f6rungen nach Sch\u00e4del-Hirn-Trauma\u00a0Forschungsschwerpunkte:Sprache und DenkenNeurogene Sprach- und Sprechst\u00f6rungenDysphagie Logop\u00e4dische Praxis S\u00f6ren Paul","robots":{"index":"index","follow":"follow","max-snippet":"max-snippet:-1","max-image-preview":"max-image-preview:large","max-video-preview":"max-video-preview:-1"},"canonical":"https:\/\/www.logopaul.de\/index.php\/soeren-paul\/","og_locale":"de_DE","og_type":"article","og_title":"- Logop\u00e4dische Praxis S\u00f6ren Paul","og_description":"Logop\u00e4de, TherapiewissenschaftlerAusbildung zum staatlich anerkannten Logop\u00e4den an der \u201eErsten europ\u00e4ischen Schule f\u00fcr Physiotherapie, Ergotherapie und Logop\u00e4die\u201c in KreischaStudium der Therapiewissenschaften an der Hochschule Fresenius in IdsteinBis 2019 Logop\u00e4de an der Klinik Bavaria in Kreischa, 2017-2019 fachlicher Leiter der Logop\u00e4dieDozent an der Hochschule Fresenius in Idstein f\u00fcr \u201eNeurogene Sprach- und Sprechst\u00f6rungen\u201c, \u201eNeueste Entwicklungen im Bereich neurogener Sprach- und Sprechst\u00f6rungen\u201cDozent an der dpfa-Berufsfachschule f\u00fcr Logop\u00e4die in Dresden f\u00fcr \u201eDysarthrie\u201c, \u201eSprechapraxie\u201c und \u201eDysphagie\u201cMitglied des \u201eNeuronetzwerkes Dresden\u201cWissenschaftlicher Berater des \u201eDysphagienetzwerkes Deutschland\u201cTherapieschwerpunkte:Sprach-, Sprech- und Stimmst\u00f6rungen bei neurologischen und onkologischen ErkrankungenSchluckst\u00f6rungen bei neurologischen und onkologischen ErkrankungenTrachealkan\u00fclenmanagementKommunikationsst\u00f6rungen nach Sch\u00e4del-Hirn-Trauma\u00a0Forschungsschwerpunkte:Sprache und DenkenNeurogene Sprach- und Sprechst\u00f6rungenDysphagie Logop\u00e4dische Praxis S\u00f6ren Paul","og_url":"https:\/\/www.logopaul.de\/index.php\/soeren-paul\/","og_site_name":"Logop\u00e4dische Praxis S\u00f6ren Paul","article_modified_time":"2024-02-12T10:52:16+00:00","og_image":[{"url":"https:\/\/www.logopaul.de\/wp-content\/uploads\/2021\/01\/IMG_20210126_104426.jpg","type":"","width":"","height":""}],"twitter_card":"summary_large_image","twitter_misc":{"Gesch\u00e4tzte Lesezeit":"3\u00a0Minuten"},"schema":{"@context":"https:\/\/schema.org","@graph":[{"@type":"WebPage","@id":"https:\/\/www.logopaul.de\/index.php\/soeren-paul\/","url":"https:\/\/www.logopaul.de\/index.php\/soeren-paul\/","name":"- Logop\u00e4dische Praxis S\u00f6ren Paul","isPartOf":{"@id":"https:\/\/www.logopaul.de\/#website"},"primaryImageOfPage":{"@id":"https:\/\/www.logopaul.de\/index.php\/soeren-paul\/#primaryimage"},"image":{"@id":"https:\/\/www.logopaul.de\/index.php\/soeren-paul\/#primaryimage"},"thumbnailUrl":"https:\/\/www.logopaul.de\/wp-content\/uploads\/2021\/01\/IMG_20210126_104426.jpg","datePublished":"2021-01-23T15:30:25+00:00","dateModified":"2024-02-12T10:52:16+00:00","description":"Logop\u00e4de, TherapiewissenschaftlerAusbildung zum staatlich anerkannten Logop\u00e4den an der \u201eErsten europ\u00e4ischen Schule f\u00fcr Physiotherapie, Ergotherapie und Logop\u00e4die\u201c in KreischaStudium der Therapiewissenschaften an der Hochschule Fresenius in IdsteinBis 2019 Logop\u00e4de an der Klinik Bavaria in Kreischa, 2017-2019 fachlicher Leiter der Logop\u00e4dieDozent an der Hochschule Fresenius in Idstein f\u00fcr \u201eNeurogene Sprach- und Sprechst\u00f6rungen\u201c, \u201eNeueste Entwicklungen im Bereich neurogener Sprach- und Sprechst\u00f6rungen\u201cDozent an der dpfa-Berufsfachschule f\u00fcr Logop\u00e4die in Dresden f\u00fcr \u201eDysarthrie\u201c, \u201eSprechapraxie\u201c und \u201eDysphagie\u201cMitglied des \u201eNeuronetzwerkes Dresden\u201cWissenschaftlicher Berater des \u201eDysphagienetzwerkes Deutschland\u201cTherapieschwerpunkte:Sprach-, Sprech- und Stimmst\u00f6rungen bei neurologischen und onkologischen ErkrankungenSchluckst\u00f6rungen bei neurologischen und onkologischen ErkrankungenTrachealkan\u00fclenmanagementKommunikationsst\u00f6rungen nach Sch\u00e4del-Hirn-Trauma\u00a0Forschungsschwerpunkte:Sprache und DenkenNeurogene Sprach- und Sprechst\u00f6rungenDysphagie Logop\u00e4dische Praxis S\u00f6ren Paul","inLanguage":"de","potentialAction":[{"@type":"ReadAction","target":["https:\/\/www.logopaul.de\/index.php\/soeren-paul\/"]}]},{"@type":"ImageObject","inLanguage":"de","@id":"https:\/\/www.logopaul.de\/index.php\/soeren-paul\/#primaryimage","url":"https:\/\/www.logopaul.de\/wp-content\/uploads\/2021\/01\/IMG_20210126_104426.jpg","contentUrl":"https:\/\/www.logopaul.de\/wp-content\/uploads\/2021\/01\/IMG_20210126_104426.jpg","width":800,"height":1067},{"@type":"WebSite","@id":"https:\/\/www.logopaul.de\/#website","url":"https:\/\/www.logopaul.de\/","name":"Logop\u00e4dische Praxis S\u00f6ren Paul","description":"","potentialAction":[{"@type":"SearchAction","target":{"@type":"EntryPoint","urlTemplate":"https:\/\/www.logopaul.de\/?s={search_term_string}"},"query-input":{"@type":"PropertyValueSpecification","valueRequired":true,"valueName":"search_term_string"}}],"inLanguage":"de"}]}},"_links":{"self":[{"href":"https:\/\/www.logopaul.de\/index.php\/wp-json\/wp\/v2\/pages\/30","targetHints":{"allow":["GET"]}}],"collection":[{"href":"https:\/\/www.logopaul.de\/index.php\/wp-json\/wp\/v2\/pages"}],"about":[{"href":"https:\/\/www.logopaul.de\/index.php\/wp-json\/wp\/v2\/types\/page"}],"author":[{"embeddable":true,"href":"https:\/\/www.logopaul.de\/index.php\/wp-json\/wp\/v2\/users\/1"}],"replies":[{"embeddable":true,"href":"https:\/\/www.logopaul.de\/index.php\/wp-json\/wp\/v2\/comments?post=30"}],"version-history":[{"count":8,"href":"https:\/\/www.logopaul.de\/index.php\/wp-json\/wp\/v2\/pages\/30\/revisions"}],"predecessor-version":[{"id":291,"href":"https:\/\/www.logopaul.de\/index.php\/wp-json\/wp\/v2\/pages\/30\/revisions\/291"}],"wp:attachment":[{"href":"https:\/\/www.logopaul.de\/index.php\/wp-json\/wp\/v2\/media?parent=30"}],"curies":[{"name":"wp","href":"https:\/\/api.w.org\/{rel}","templated":true}]}}