{"id":32,"date":"2021-01-23T15:30:43","date_gmt":"2021-01-23T15:30:43","guid":{"rendered":"https:\/\/logopaul.de\/?page_id=32"},"modified":"2021-01-31T10:14:41","modified_gmt":"2021-01-31T09:14:41","slug":"kindertherapie","status":"publish","type":"page","link":"https:\/\/www.logopaul.de\/index.php\/kindertherapie\/","title":{"rendered":"Kindertherapie"},"content":{"rendered":"<p>Welche St\u00f6rungsbilder werden behandelt?<\/p>\n<p>&nbsp;<\/p>\n<ul>\n<li>Sprachentwicklungsst\u00f6rungen<\/li>\n<li>Sprachentwicklungsverz\u00f6gerungen<\/li>\n<li>Artikulationsst\u00f6rungen<\/li>\n<li>Myofunktionelle St\u00f6rungen<\/li>\n<li>Kindliche Stimmst\u00f6rungen<\/li>\n<li>Auditive Verarbeitungs- und Wahrnehmungsst\u00f6rungen (AVWS)<\/li>\n<li>Leserechtschreibschw\u00e4che<\/li>\n<\/ul>\n<p><img decoding=\"async\" class=\"alignnone size-full wp-image-227 lazyload\" data-src=\"https:\/\/www.logopaul.de\/wp-content\/uploads\/2021\/01\/IMG_20210123_153327.jpg\" alt=\"\" width=\"800\" height=\"443\" data-srcset=\"https:\/\/www.logopaul.de\/wp-content\/uploads\/2021\/01\/IMG_20210123_153327.jpg 800w, https:\/\/www.logopaul.de\/wp-content\/uploads\/2021\/01\/IMG_20210123_153327-300x166.jpg 300w, https:\/\/www.logopaul.de\/wp-content\/uploads\/2021\/01\/IMG_20210123_153327-768x425.jpg 768w, https:\/\/www.logopaul.de\/wp-content\/uploads\/2021\/01\/IMG_20210123_153327-230x127.jpg 230w, https:\/\/www.logopaul.de\/wp-content\/uploads\/2021\/01\/IMG_20210123_153327-350x194.jpg 350w, https:\/\/www.logopaul.de\/wp-content\/uploads\/2021\/01\/IMG_20210123_153327-480x266.jpg 480w\" data-sizes=\"(max-width: 800px) 100vw, 800px\" src=\"data:image\/svg+xml;base64,PHN2ZyB3aWR0aD0iMSIgaGVpZ2h0PSIxIiB4bWxucz0iaHR0cDovL3d3dy53My5vcmcvMjAwMC9zdmciPjwvc3ZnPg==\" style=\"--smush-placeholder-width: 800px; --smush-placeholder-aspect-ratio: 800\/443;\" \/><\/p>\n<p><img decoding=\"async\" class=\"alignnone size-full wp-image-226 lazyload\" data-src=\"https:\/\/www.logopaul.de\/wp-content\/uploads\/2021\/01\/IMG_20210123_153043.jpg\" alt=\"\" width=\"800\" height=\"368\" data-srcset=\"https:\/\/www.logopaul.de\/wp-content\/uploads\/2021\/01\/IMG_20210123_153043.jpg 800w, https:\/\/www.logopaul.de\/wp-content\/uploads\/2021\/01\/IMG_20210123_153043-300x138.jpg 300w, https:\/\/www.logopaul.de\/wp-content\/uploads\/2021\/01\/IMG_20210123_153043-768x353.jpg 768w, https:\/\/www.logopaul.de\/wp-content\/uploads\/2021\/01\/IMG_20210123_153043-230x106.jpg 230w, https:\/\/www.logopaul.de\/wp-content\/uploads\/2021\/01\/IMG_20210123_153043-350x161.jpg 350w, https:\/\/www.logopaul.de\/wp-content\/uploads\/2021\/01\/IMG_20210123_153043-480x221.jpg 480w\" data-sizes=\"(max-width: 800px) 100vw, 800px\" src=\"data:image\/svg+xml;base64,PHN2ZyB3aWR0aD0iMSIgaGVpZ2h0PSIxIiB4bWxucz0iaHR0cDovL3d3dy53My5vcmcvMjAwMC9zdmciPjwvc3ZnPg==\" style=\"--smush-placeholder-width: 800px; --smush-placeholder-aspect-ratio: 800\/368;\" \/><\/p>\n","protected":false},"excerpt":{"rendered":"<p>Welche St\u00f6rungsbilder werden behandelt? &nbsp; Sprachentwicklungsst\u00f6rungen Sprachentwicklungsverz\u00f6gerungen Artikulationsst\u00f6rungen Myofunktionelle St\u00f6rungen Kindliche Stimmst\u00f6rungen Auditive Verarbeitungs- und Wahrnehmungsst\u00f6rungen (AVWS) Leserechtschreibschw\u00e4che<\/p>\n","protected":false},"author":1,"featured_media":0,"parent":0,"menu_order":0,"comment_status":"closed","ping_status":"closed","template":"","meta":{"footnotes":""},"class_list":["post-32","page","type-page","status-publish","hentry"],"yoast_head":"<!-- This site is optimized with the Yoast SEO plugin v26.8 - https:\/\/yoast.com\/product\/yoast-seo-wordpress\/ -->\n<title>Kindertherapie - Logop\u00e4dische Praxis S\u00f6ren Paul<\/title>\n<meta name=\"robots\" content=\"index, follow, max-snippet:-1, max-image-preview:large, max-video-preview:-1\" \/>\n<link rel=\"canonical\" href=\"https:\/\/www.logopaul.de\/index.php\/kindertherapie\/\" \/>\n<meta property=\"og:locale\" content=\"de_DE\" \/>\n<meta property=\"og:type\" content=\"article\" \/>\n<meta property=\"og:title\" content=\"Kindertherapie - Logop\u00e4dische Praxis S\u00f6ren Paul\" \/>\n<meta property=\"og:description\" content=\"Welche St\u00f6rungsbilder werden behandelt? &nbsp; Sprachentwicklungsst\u00f6rungen Sprachentwicklungsverz\u00f6gerungen Artikulationsst\u00f6rungen Myofunktionelle St\u00f6rungen Kindliche Stimmst\u00f6rungen Auditive Verarbeitungs- und Wahrnehmungsst\u00f6rungen (AVWS) Leserechtschreibschw\u00e4che\" \/>\n<meta property=\"og:url\" content=\"https:\/\/www.logopaul.de\/index.php\/kindertherapie\/\" \/>\n<meta property=\"og:site_name\" content=\"Logop\u00e4dische Praxis S\u00f6ren Paul\" \/>\n<meta property=\"article:modified_time\" content=\"2021-01-31T09:14:41+00:00\" \/>\n<meta property=\"og:image\" content=\"https:\/\/www.logopaul.de\/wp-content\/uploads\/2021\/01\/IMG_20210123_153327.jpg\" \/>\n<meta name=\"twitter:card\" content=\"summary_large_image\" \/>\n<meta name=\"twitter:label1\" content=\"Gesch\u00e4tzte Lesezeit\" \/>\n\t<meta name=\"twitter:data1\" content=\"1\u00a0Minute\" \/>\n<script type=\"application\/ld+json\" class=\"yoast-schema-graph\">{\"@context\":\"https:\/\/schema.org\",\"@graph\":[{\"@type\":\"WebPage\",\"@id\":\"https:\/\/www.logopaul.de\/index.php\/kindertherapie\/\",\"url\":\"https:\/\/www.logopaul.de\/index.php\/kindertherapie\/\",\"name\":\"Kindertherapie - Logop\u00e4dische Praxis S\u00f6ren Paul\",\"isPartOf\":{\"@id\":\"https:\/\/www.logopaul.de\/#website\"},\"primaryImageOfPage\":{\"@id\":\"https:\/\/www.logopaul.de\/index.php\/kindertherapie\/#primaryimage\"},\"image\":{\"@id\":\"https:\/\/www.logopaul.de\/index.php\/kindertherapie\/#primaryimage\"},\"thumbnailUrl\":\"https:\/\/www.logopaul.de\/wp-content\/uploads\/2021\/01\/IMG_20210123_153327.jpg\",\"datePublished\":\"2021-01-23T15:30:43+00:00\",\"dateModified\":\"2021-01-31T09:14:41+00:00\",\"breadcrumb\":{\"@id\":\"https:\/\/www.logopaul.de\/index.php\/kindertherapie\/#breadcrumb\"},\"inLanguage\":\"de\",\"potentialAction\":[{\"@type\":\"ReadAction\",\"target\":[\"https:\/\/www.logopaul.de\/index.php\/kindertherapie\/\"]}]},{\"@type\":\"ImageObject\",\"inLanguage\":\"de\",\"@id\":\"https:\/\/www.logopaul.de\/index.php\/kindertherapie\/#primaryimage\",\"url\":\"https:\/\/www.logopaul.de\/wp-content\/uploads\/2021\/01\/IMG_20210123_153327.jpg\",\"contentUrl\":\"https:\/\/www.logopaul.de\/wp-content\/uploads\/2021\/01\/IMG_20210123_153327.jpg\",\"width\":800,\"height\":443},{\"@type\":\"BreadcrumbList\",\"@id\":\"https:\/\/www.logopaul.de\/index.php\/kindertherapie\/#breadcrumb\",\"itemListElement\":[{\"@type\":\"ListItem\",\"position\":1,\"name\":\"Home\",\"item\":\"https:\/\/www.logopaul.de\/\"},{\"@type\":\"ListItem\",\"position\":2,\"name\":\"Kindertherapie\"}]},{\"@type\":\"WebSite\",\"@id\":\"https:\/\/www.logopaul.de\/#website\",\"url\":\"https:\/\/www.logopaul.de\/\",\"name\":\"Logop\u00e4dische Praxis S\u00f6ren Paul\",\"description\":\"\",\"potentialAction\":[{\"@type\":\"SearchAction\",\"target\":{\"@type\":\"EntryPoint\",\"urlTemplate\":\"https:\/\/www.logopaul.de\/?s={search_term_string}\"},\"query-input\":{\"@type\":\"PropertyValueSpecification\",\"valueRequired\":true,\"valueName\":\"search_term_string\"}}],\"inLanguage\":\"de\"}]}<\/script>\n<!-- \/ Yoast SEO plugin. -->","yoast_head_json":{"title":"Kindertherapie - Logop\u00e4dische Praxis S\u00f6ren Paul","robots":{"index":"index","follow":"follow","max-snippet":"max-snippet:-1","max-image-preview":"max-image-preview:large","max-video-preview":"max-video-preview:-1"},"canonical":"https:\/\/www.logopaul.de\/index.php\/kindertherapie\/","og_locale":"de_DE","og_type":"article","og_title":"Kindertherapie - Logop\u00e4dische Praxis S\u00f6ren Paul","og_description":"Welche St\u00f6rungsbilder werden behandelt? &nbsp; Sprachentwicklungsst\u00f6rungen Sprachentwicklungsverz\u00f6gerungen Artikulationsst\u00f6rungen Myofunktionelle St\u00f6rungen Kindliche Stimmst\u00f6rungen Auditive Verarbeitungs- und Wahrnehmungsst\u00f6rungen (AVWS) Leserechtschreibschw\u00e4che","og_url":"https:\/\/www.logopaul.de\/index.php\/kindertherapie\/","og_site_name":"Logop\u00e4dische Praxis S\u00f6ren Paul","article_modified_time":"2021-01-31T09:14:41+00:00","og_image":[{"url":"https:\/\/www.logopaul.de\/wp-content\/uploads\/2021\/01\/IMG_20210123_153327.jpg","type":"","width":"","height":""}],"twitter_card":"summary_large_image","twitter_misc":{"Gesch\u00e4tzte Lesezeit":"1\u00a0Minute"},"schema":{"@context":"https:\/\/schema.org","@graph":[{"@type":"WebPage","@id":"https:\/\/www.logopaul.de\/index.php\/kindertherapie\/","url":"https:\/\/www.logopaul.de\/index.php\/kindertherapie\/","name":"Kindertherapie - Logop\u00e4dische Praxis S\u00f6ren Paul","isPartOf":{"@id":"https:\/\/www.logopaul.de\/#website"},"primaryImageOfPage":{"@id":"https:\/\/www.logopaul.de\/index.php\/kindertherapie\/#primaryimage"},"image":{"@id":"https:\/\/www.logopaul.de\/index.php\/kindertherapie\/#primaryimage"},"thumbnailUrl":"https:\/\/www.logopaul.de\/wp-content\/uploads\/2021\/01\/IMG_20210123_153327.jpg","datePublished":"2021-01-23T15:30:43+00:00","dateModified":"2021-01-31T09:14:41+00:00","breadcrumb":{"@id":"https:\/\/www.logopaul.de\/index.php\/kindertherapie\/#breadcrumb"},"inLanguage":"de","potentialAction":[{"@type":"ReadAction","target":["https:\/\/www.logopaul.de\/index.php\/kindertherapie\/"]}]},{"@type":"ImageObject","inLanguage":"de","@id":"https:\/\/www.logopaul.de\/index.php\/kindertherapie\/#primaryimage","url":"https:\/\/www.logopaul.de\/wp-content\/uploads\/2021\/01\/IMG_20210123_153327.jpg","contentUrl":"https:\/\/www.logopaul.de\/wp-content\/uploads\/2021\/01\/IMG_20210123_153327.jpg","width":800,"height":443},{"@type":"BreadcrumbList","@id":"https:\/\/www.logopaul.de\/index.php\/kindertherapie\/#breadcrumb","itemListElement":[{"@type":"ListItem","position":1,"name":"Home","item":"https:\/\/www.logopaul.de\/"},{"@type":"ListItem","position":2,"name":"Kindertherapie"}]},{"@type":"WebSite","@id":"https:\/\/www.logopaul.de\/#website","url":"https:\/\/www.logopaul.de\/","name":"Logop\u00e4dische Praxis S\u00f6ren Paul","description":"","potentialAction":[{"@type":"SearchAction","target":{"@type":"EntryPoint","urlTemplate":"https:\/\/www.logopaul.de\/?s={search_term_string}"},"query-input":{"@type":"PropertyValueSpecification","valueRequired":true,"valueName":"search_term_string"}}],"inLanguage":"de"}]}},"_links":{"self":[{"href":"https:\/\/www.logopaul.de\/index.php\/wp-json\/wp\/v2\/pages\/32","targetHints":{"allow":["GET"]}}],"collection":[{"href":"https:\/\/www.logopaul.de\/index.php\/wp-json\/wp\/v2\/pages"}],"about":[{"href":"https:\/\/www.logopaul.de\/index.php\/wp-json\/wp\/v2\/types\/page"}],"author":[{"embeddable":true,"href":"https:\/\/www.logopaul.de\/index.php\/wp-json\/wp\/v2\/users\/1"}],"replies":[{"embeddable":true,"href":"https:\/\/www.logopaul.de\/index.php\/wp-json\/wp\/v2\/comments?post=32"}],"version-history":[{"count":3,"href":"https:\/\/www.logopaul.de\/index.php\/wp-json\/wp\/v2\/pages\/32\/revisions"}],"predecessor-version":[{"id":228,"href":"https:\/\/www.logopaul.de\/index.php\/wp-json\/wp\/v2\/pages\/32\/revisions\/228"}],"wp:attachment":[{"href":"https:\/\/www.logopaul.de\/index.php\/wp-json\/wp\/v2\/media?parent=32"}],"curies":[{"name":"wp","href":"https:\/\/api.w.org\/{rel}","templated":true}]}}

<p>Welche Störungsbilder werden behandelt?</p>
<p>&nbsp;</p>
<ul>
<li>Sprachentwicklungsstörungen</li>
<li>Sprachentwicklungsverzögerungen</li>
<li>Artikulationsstörungen</li>
<li>Myofunktionelle Störungen</li>
<li>Kindliche Stimmstörungen</li>
<li>Auditive Verarbeitungs- und Wahrnehmungsstörungen (AVWS)</li>
<li>Leserechtschreibschwäche</li>
</ul>
<p><img decoding="async" class="alignnone size-full wp-image-227 lazyload" data-src="https://www.logopaul.de/wp-content/uploads/2021/01/IMG_20210123_153327.jpg" alt="" width="800" height="443" data-srcset="https://www.logopaul.de/wp-content/uploads/2021/01/IMG_20210123_153327.jpg 800w, https://www.logopaul.de/wp-content/uploads/2021/01/IMG_20210123_153327-300x166.jpg 300w, https://www.logopaul.de/wp-content/uploads/2021/01/IMG_20210123_153327-768x425.jpg 768w, https://www.logopaul.de/wp-content/uploads/2021/01/IMG_20210123_153327-230x127.jpg 230w, https://www.logopaul.de/wp-content/uploads/2021/01/IMG_20210123_153327-350x194.jpg 350w, https://www.logopaul.de/wp-content/uploads/2021/01/IMG_20210123_153327-480x266.jpg 480w" data-sizes="(max-width: 800px) 100vw, 800px" src="data:image/svg+xml;base64,PHN2ZyB3aWR0aD0iMSIgaGVpZ2h0PSIxIiB4bWxucz0iaHR0cDovL3d3dy53My5vcmcvMjAwMC9zdmciPjwvc3ZnPg==" style="--smush-placeholder-width: 800px; --smush-placeholder-aspect-ratio: 800/443;" /></p>
<p><img decoding="async" class="alignnone size-full wp-image-226 lazyload" data-src="https://www.logopaul.de/wp-content/uploads/2021/01/IMG_20210123_153043.jpg" alt="" width="800" height="368" data-srcset="https://www.logopaul.de/wp-content/uploads/2021/01/IMG_20210123_153043.jpg 800w, https://www.logopaul.de/wp-content/uploads/2021/01/IMG_20210123_153043-300x138.jpg 300w, https://www.logopaul.de/wp-content/uploads/2021/01/IMG_20210123_153043-768x353.jpg 768w, https://www.logopaul.de/wp-content/uploads/2021/01/IMG_20210123_153043-230x106.jpg 230w, https://www.logopaul.de/wp-content/uploads/2021/01/IMG_20210123_153043-350x161.jpg 350w, https://www.logopaul.de/wp-content/uploads/2021/01/IMG_20210123_153043-480x221.jpg 480w" data-sizes="(max-width: 800px) 100vw, 800px" src="data:image/svg+xml;base64,PHN2ZyB3aWR0aD0iMSIgaGVpZ2h0PSIxIiB4bWxucz0iaHR0cDovL3d3dy53My5vcmcvMjAwMC9zdmciPjwvc3ZnPg==" style="--smush-placeholder-width: 800px; --smush-placeholder-aspect-ratio: 800/368;" /></p>

<p>Welche Störungsbilder werden behandelt? &nbsp; Sprachentwicklungsstörungen Sprachentwicklungsverzögerungen Artikulationsstörungen Myofunktionelle Störungen Kindliche Stimmstörungen Auditive Verarbeitungs- und Wahrnehmungsstörungen (AVWS) Leserechtschreibschwäche</p>

<!-- This site is optimized with the Yoast SEO plugin v26.8 - https://yoast.com/product/yoast-seo-wordpress/ -->
<title>Kindertherapie - Logopädische Praxis Sören Paul</title>
<meta name="robots" content="index, follow, max-snippet:-1, max-image-preview:large, max-video-preview:-1" />
<link rel="canonical" href="https://www.logopaul.de/index.php/kindertherapie/" />
<meta property="og:locale" content="de_DE" />
<meta property="og:type" content="article" />
<meta property="og:title" content="Kindertherapie - Logopädische Praxis Sören Paul" />
<meta property="og:description" content="Welche Störungsbilder werden behandelt? &nbsp; Sprachentwicklungsstörungen Sprachentwicklungsverzögerungen Artikulationsstörungen Myofunktionelle Störungen Kindliche Stimmstörungen Auditive Verarbeitungs- und Wahrnehmungsstörungen (AVWS) Leserechtschreibschwäche" />
<meta property="og:url" content="https://www.logopaul.de/index.php/kindertherapie/" />
<meta property="og:site_name" content="Logopädische Praxis Sören Paul" />
<meta property="article:modified_time" content="2021-01-31T09:14:41+00:00" />
<meta property="og:image" content="https://www.logopaul.de/wp-content/uploads/2021/01/IMG_20210123_153327.jpg" />
<meta name="twitter:card" content="summary_large_image" />
<meta name="twitter:label1" content="Geschätzte Lesezeit" />
	<meta name="twitter:data1" content="1 Minute" />
<script type="application/ld+json" class="yoast-schema-graph">{"@context":"https://schema.org","@graph":[{"@type":"WebPage","@id":"https://www.logopaul.de/index.php/kindertherapie/","url":"https://www.logopaul.de/index.php/kindertherapie/","name":"Kindertherapie - Logopädische Praxis Sören Paul","isPartOf":{"@id":"https://www.logopaul.de/#website"},"primaryImageOfPage":{"@id":"https://www.logopaul.de/index.php/kindertherapie/#primaryimage"},"image":{"@id":"https://www.logopaul.de/index.php/kindertherapie/#primaryimage"},"thumbnailUrl":"https://www.logopaul.de/wp-content/uploads/2021/01/IMG_20210123_153327.jpg","datePublished":"2021-01-23T15:30:43+00:00","dateModified":"2021-01-31T09:14:41+00:00","breadcrumb":{"@id":"https://www.logopaul.de/index.php/kindertherapie/#breadcrumb"},"inLanguage":"de","potentialAction":[{"@type":"ReadAction","target":["https://www.logopaul.de/index.php/kindertherapie/"]}]},{"@type":"ImageObject","inLanguage":"de","@id":"https://www.logopaul.de/index.php/kindertherapie/#primaryimage","url":"https://www.logopaul.de/wp-content/uploads/2021/01/IMG_20210123_153327.jpg","contentUrl":"https://www.logopaul.de/wp-content/uploads/2021/01/IMG_20210123_153327.jpg","width":800,"height":443},{"@type":"BreadcrumbList","@id":"https://www.logopaul.de/index.php/kindertherapie/#breadcrumb","itemListElement":[{"@type":"ListItem","position":1,"name":"Home","item":"https://www.logopaul.de/"},{"@type":"ListItem","position":2,"name":"Kindertherapie"}]},{"@type":"WebSite","@id":"https://www.logopaul.de/#website","url":"https://www.logopaul.de/","name":"Logopädische Praxis Sören Paul","description":"","potentialAction":[{"@type":"SearchAction","target":{"@type":"EntryPoint","urlTemplate":"https://www.logopaul.de/?s={search_term_string}"},"query-input":{"@type":"PropertyValueSpecification","valueRequired":true,"valueName":"search_term_string"}}],"inLanguage":"de"}]}</script>
<!-- / Yoast SEO plugin. -->

Kindertherapie - Logopädische Praxis Sören Paul

Welche Störungsbilder werden behandelt? &nbsp; Sprachentwicklungsstörungen Sprachentwicklungsverzögerungen Artikulationsstörungen Myofunktionelle Störungen Kindliche Stimmstörungen Auditive Verarbeitungs- und Wahrnehmungsstörungen (AVWS) Leserechtschreibschwäche

Logopädische Praxis Sören Paul
